{"id":5938,"date":"2025-05-02T14:00:20","date_gmt":"2025-05-02T12:00:20","guid":{"rendered":"https:\/\/magieorientale.com\/?post_type=product&#038;p=5938"},"modified":"2025-05-02T14:01:43","modified_gmt":"2025-05-02T12:01:43","slug":"les-secrets-pour-vivre-mieux","status":"publish","type":"product","link":"https:\/\/magieorientale.com\/index.php\/produit\/les-secrets-pour-vivre-mieux\/","title":{"rendered":"Les secrets pour vivre mieux"},"content":{"rendered":"<p>Ce livre explore le monde fascinant des <strong>plantes m\u00e9dicinales<\/strong> et de la <strong>phytoth\u00e9rapie<\/strong>, l&#8217;art de se soigner gr\u00e2ce aux extraits de plantes. Ils pr\u00e9sentent une <strong>approche holistique<\/strong> de la sant\u00e9, mettant en lumi\u00e8re le potentiel th\u00e9rapeutique des v\u00e9g\u00e9taux pour traiter divers maux et favoriser le bien-\u00eatre. Il offre un guide pratique pour d\u00e9couvrir les bienfaits des plantes et les int\u00e9grer dans une d\u00e9marche de bien-\u00eatre naturel.<\/p>\n","protected":false},"excerpt":{"rendered":"<p>Ce livre explore le monde fascinant des <strong>plantes m\u00e9dicinales<\/strong> et de la <strong>phytoth\u00e9rapie<\/strong>, l&#8217;art de se soigner gr\u00e2ce aux extraits de plantes. Ils pr\u00e9sentent une <strong>approche holistique<\/strong> de la sant\u00e9, mettant en lumi\u00e8re le potentiel th\u00e9rapeutique des v\u00e9g\u00e9taux pour traiter divers maux et favoriser le bien-\u00eatre. Il offre un guide pratique pour d\u00e9couvrir les bienfaits des plantes et les int\u00e9grer dans une d\u00e9marche de bien-\u00eatre naturel.<\/p>\n","protected":false},"featured_media":5939,"comment_status":"open","ping_status":"closed","template":"","meta":[],"product_brand":[],"product_cat":[46],"product_tag":[],"class_list":{"0":"post-5938","1":"product","2":"type-product","3":"status-publish","4":"has-post-thumbnail","6":"product_cat-livres-autres-livres","8":"first","9":"instock","10":"downloadable","11":"taxable","12":"shipping-taxable","13":"purchasable","14":"product-type-simple"},"_links":{"self":[{"href":"https:\/\/magieorientale.com\/index.php\/wp-json\/wp\/v2\/product\/5938"}],"collection":[{"href":"https:\/\/magieorientale.com\/index.php\/wp-json\/wp\/v2\/product"}],"about":[{"href":"https:\/\/magieorientale.com\/index.php\/wp-json\/wp\/v2\/types\/product"}],"replies":[{"embeddable":true,"href":"https:\/\/magieorientale.com\/index.php\/wp-json\/wp\/v2\/comments?post=5938"}],"wp:featuredmedia":[{"embeddable":true,"href":"https:\/\/magieorientale.com\/index.php\/wp-json\/wp\/v2\/media\/5939"}],"wp:attachment":[{"href":"https:\/\/magieorientale.com\/index.php\/wp-json\/wp\/v2\/media?parent=5938"}],"wp:term":[{"taxonomy":"product_brand","embeddable":true,"href":"https:\/\/magieorientale.com\/index.php\/wp-json\/wp\/v2\/product_brand?post=5938"},{"taxonomy":"product_cat","embeddable":true,"href":"https:\/\/magieorientale.com\/index.php\/wp-json\/wp\/v2\/product_cat?post=5938"},{"taxonomy":"product_tag","embeddable":true,"href":"https:\/\/magieorientale.com\/index.php\/wp-json\/wp\/v2\/product_tag?post=5938"}],"curies":[{"name":"wp","href":"https:\/\/api.w.org\/{rel}","templated":true}]}}