{"id":47,"date":"2016-07-09T08:48:07","date_gmt":"2016-07-09T06:48:07","guid":{"rendered":"http:\/\/magiearabedekader.esy.es\/?post_type=product&#038;p=47"},"modified":"2026-04-25T19:27:39","modified_gmt":"2026-04-25T17:27:39","slug":"desenvoutement-et-chance","status":"publish","type":"product","link":"https:\/\/magieorientale.com\/index.php\/produit\/desenvoutement-et-chance\/","title":{"rendered":"D\u00e9senvo\u00fbtement complet et chance en 7 jours (n\u00b04702)"},"content":{"rendered":"<p><strong><span class=\"fn\">Encens de d\u00e9senvoutement et chance<\/span><\/strong><\/p>\n<div id=\"cc-shop-product-desc-text-8681873998\" class=\"description\">\n<p>&#8220;Les pratiques de d\u00e9senvo\u00fbtement ont une longue histoire dans de nombreuses cultures. Ces rituels, souvent associ\u00e9s \u00e0 des traditions ancestrales, visent \u00e0 purifier l&#8217;aura et \u00e0 prot\u00e9ger des influences n\u00e9fastes<\/p>\n<p>Vous vous sentez fatigu\u00e9(e), angoiss\u00e9(e) sans raison apparente ? Des \u00e9v\u00e9nements n\u00e9gatifs se succ\u00e8dent dans votre vie ? Un d\u00e9senvo\u00fbtement pourrait \u00eatre la solution. Ce processus spirituel vise \u00e0 neutraliser les \u00e9nergies n\u00e9gatives dirig\u00e9es contre vous, afin de retrouver s\u00e9r\u00e9nit\u00e9 et bien-\u00eatre.<\/p>\n<p>N&#8217;h\u00e9sitez plus et contactez-nous pour un d\u00e9senvo\u00fbtement personnalis\u00e9. Je vous accompagnerai dans cette d\u00e9marche afin de vous lib\u00e9rer des \u00e9nergies n\u00e9gatives et de retrouver une vie \u00e9panouie.&#8221;<\/p>\n<p>&nbsp;<\/p>\n<\/div>\n","protected":false},"excerpt":{"rendered":"<p>Ce produit pr\u00e9par\u00e9 et consacr\u00e9 vous sera envoy\u00e9 <strong>avec tous les ingr\u00e9dients<\/strong> n\u00e9cessaires et sa recette simple \u00e0 suivre!<\/p>\n","protected":false},"featured_media":4016,"comment_status":"open","ping_status":"closed","template":"","meta":[],"product_brand":[],"product_cat":[44],"product_tag":[16],"class_list":{"0":"post-47","1":"product","2":"type-product","3":"status-publish","4":"has-post-thumbnail","6":"product_cat-desenvoutement","7":"product_tag-travaux-de-magie","9":"first","10":"instock","11":"sold-individually","12":"taxable","13":"shipping-taxable","14":"purchasable","15":"product-type-simple"},"_links":{"self":[{"href":"https:\/\/magieorientale.com\/index.php\/wp-json\/wp\/v2\/product\/47"}],"collection":[{"href":"https:\/\/magieorientale.com\/index.php\/wp-json\/wp\/v2\/product"}],"about":[{"href":"https:\/\/magieorientale.com\/index.php\/wp-json\/wp\/v2\/types\/product"}],"replies":[{"embeddable":true,"href":"https:\/\/magieorientale.com\/index.php\/wp-json\/wp\/v2\/comments?post=47"}],"wp:featuredmedia":[{"embeddable":true,"href":"https:\/\/magieorientale.com\/index.php\/wp-json\/wp\/v2\/media\/4016"}],"wp:attachment":[{"href":"https:\/\/magieorientale.com\/index.php\/wp-json\/wp\/v2\/media?parent=47"}],"wp:term":[{"taxonomy":"product_brand","embeddable":true,"href":"https:\/\/magieorientale.com\/index.php\/wp-json\/wp\/v2\/product_brand?post=47"},{"taxonomy":"product_cat","embeddable":true,"href":"https:\/\/magieorientale.com\/index.php\/wp-json\/wp\/v2\/product_cat?post=47"},{"taxonomy":"product_tag","embeddable":true,"href":"https:\/\/magieorientale.com\/index.php\/wp-json\/wp\/v2\/product_tag?post=47"}],"curies":[{"name":"wp","href":"https:\/\/api.w.org\/{rel}","templated":true}]}}