{"id":4237,"date":"2024-05-02T21:06:56","date_gmt":"2024-05-02T19:06:56","guid":{"rendered":"https:\/\/magieorientale.com\/?post_type=product&#038;p=4237"},"modified":"2024-05-02T21:09:34","modified_gmt":"2024-05-02T19:09:34","slug":"quelques-secrets-pour-vivre-mieux-2","status":"publish","type":"product","link":"https:\/\/magieorientale.com\/index.php\/produit\/quelques-secrets-pour-vivre-mieux-2\/","title":{"rendered":"Quelques secrets pour vivre mieux"},"content":{"rendered":"<p>Dans ce livre j&#8217;ai voulu mettre \u00e0 la disposition du plus grand nombre, un guide pratique et simple qui va vous permettre de d\u00e9couvrir le fabuleux pouvoir des plantes m\u00e9dicinales. Elles peuvent apporter une aide consid\u00e9rable au quotidien, \u00e0 condition de savoir les utiliser, de connaitre leurs modes de pr\u00e9paration. Comment pr\u00e9parer une d\u00e9coction? une infusion? un cataplasmes? comment calmer une douleur, une migraine? comment rerouver un sommeil r\u00e9parateur? Quels sont les produits toxiques \u00e0 \u00e9viter? Ce sont ces questions auxquelles j&#8217;ai voulu r\u00e9pondre au mieux, le but \u00e9tant de se maintenir en bonne sant\u00e9 jusqu&#8217;a un \u00e2ge avanc\u00e9 et de retrouver une \u00e9nergie naturelle en revenant \u00e0 un mode de vie sain et \u00e9quilibr\u00e9.<\/p>\n","protected":false},"excerpt":{"rendered":"<p>Dans ce livre j&#8217;ai voulu mettre \u00e0 la disposition du plus grand nombre, un guide pratique et simple qui va vous permettre de d\u00e9couvrir le fabuleux pouvoir des plantes m\u00e9dicinales. Elles peuvent apporter une aide consid\u00e9rable au quotidien, \u00e0 condition de savoir les utiliser, de connaitre leurs modes de pr\u00e9paration. Comment pr\u00e9parer une d\u00e9coction? une infusion? un cataplasmes? comment calmer une douleur, une migraine? comment rerouver un sommeil r\u00e9parateur? Quels sont les produits toxiques \u00e0 \u00e9viter? Ce sont ces questions auxquelles j&#8217;ai voulu r\u00e9pondre au mieux, le but \u00e9tant de se maintenir en bonne sant\u00e9 jusqu&#8217;a un \u00e2ge avanc\u00e9 et de retrouver une \u00e9nergie naturelle en revenant \u00e0 un mode de vie sain et \u00e9quilibr\u00e9.<\/p>\n","protected":false},"featured_media":4238,"comment_status":"open","ping_status":"closed","template":"","meta":[],"product_brand":[],"product_cat":[15],"product_tag":[49],"class_list":{"0":"post-4237","1":"product","2":"type-product","3":"status-publish","4":"has-post-thumbnail","6":"product_cat-livre-magie","7":"product_tag-livres","9":"first","10":"instock","11":"taxable","12":"shipping-taxable","13":"purchasable","14":"product-type-simple"},"_links":{"self":[{"href":"https:\/\/magieorientale.com\/index.php\/wp-json\/wp\/v2\/product\/4237"}],"collection":[{"href":"https:\/\/magieorientale.com\/index.php\/wp-json\/wp\/v2\/product"}],"about":[{"href":"https:\/\/magieorientale.com\/index.php\/wp-json\/wp\/v2\/types\/product"}],"replies":[{"embeddable":true,"href":"https:\/\/magieorientale.com\/index.php\/wp-json\/wp\/v2\/comments?post=4237"}],"wp:featuredmedia":[{"embeddable":true,"href":"https:\/\/magieorientale.com\/index.php\/wp-json\/wp\/v2\/media\/4238"}],"wp:attachment":[{"href":"https:\/\/magieorientale.com\/index.php\/wp-json\/wp\/v2\/media?parent=4237"}],"wp:term":[{"taxonomy":"product_brand","embeddable":true,"href":"https:\/\/magieorientale.com\/index.php\/wp-json\/wp\/v2\/product_brand?post=4237"},{"taxonomy":"product_cat","embeddable":true,"href":"https:\/\/magieorientale.com\/index.php\/wp-json\/wp\/v2\/product_cat?post=4237"},{"taxonomy":"product_tag","embeddable":true,"href":"https:\/\/magieorientale.com\/index.php\/wp-json\/wp\/v2\/product_tag?post=4237"}],"curies":[{"name":"wp","href":"https:\/\/api.w.org\/{rel}","templated":true}]}}