{"id":3741,"date":"2023-03-24T13:25:39","date_gmt":"2023-03-24T12:25:39","guid":{"rendered":"https:\/\/magieorientale.com\/?post_type=product&#038;p=3741"},"modified":"2025-07-29T12:54:27","modified_gmt":"2025-07-29T10:54:27","slug":"traite-methodique-de-science-occulte-papus","status":"publish","type":"product","link":"https:\/\/magieorientale.com\/index.php\/produit\/traite-methodique-de-science-occulte-papus\/","title":{"rendered":"Trait\u00e9 m\u00e9thodique de science occulte (Papus)"},"content":{"rendered":"<p>Qu&#8217;est-ce que la Science occulte ?<\/p>\n<p>Un corps de doctrine enseigne dans les Universit\u00e9s d&#8217;\u00c9gypte et transmis d&#8217;\u00e2ge en \u00e2ge.<br \/>\nCe qui constitue essentiellement la Science occulte, ce sont ses enseignements, mais surtout sa m\u00e9thode d&#8217;investigation.<\/p>\n<p>Il est certes fort int\u00e9ressant de constater que les anciens avaient une science tout comme nous autres, que cette science \u00e9tait enseign\u00e9e sous le sceau du secret et apr\u00e8s de s\u00e9rieuses \u00e9preuves physiques et morales aux futurs membres des \u00ab classes dirigeantes \u00bb.<br \/>\nMais ce sont l\u00e0 en somme des recherches dont l&#8217;utilit\u00e9 ne semble pas imm\u00e9diate.<\/p>\n<p>Ce qui nous int\u00e9resse surtout au point de vue pratique, c&#8217;est cette m\u00e9thode de l&#8217;analogie qui, mani\u00e9e avec prudence; peut nous \u00eatre de la plus grande utilit\u00e9.<br \/>\nNous ne saurions trop insister sur ce point.<\/p>\n<p>La Science occulte vient offrir a ses disciples une m\u00e9thode nouvelle, c&#8217;est-\u00e0-dire un merveilleux outil de travail.<br \/>\nOn comprend de suite que si cet outil est mani\u00e9 par des ouvriers inhabiles, il ne pourra, malgr\u00e9 sa pr\u00e9cision, que donner de tr\u00e8s faibles r\u00e9sultats.<br \/>\nSi, au contraire, celui qui tient en main cet instrument d&#8217;investigation sait l&#8217;employer avec intelligence, le r\u00e9sultat sera surprenant.<\/p>\n<p>Papus (dans son introduction)<\/p>\n","protected":false},"excerpt":{"rendered":"<p>Qu&#8217;est-ce que la Science occulte ?<\/p>\n<p>Un corps de doctrine enseigne dans les Universit\u00e9s d&#8217;\u00c9gypte et transmis d&#8217;\u00e2ge en \u00e2ge.<br \/>\nCe qui constitue essentiellement la Science occulte, ce sont ses enseignements, mais surtout sa m\u00e9thode d&#8217;investigation.<\/p>\n<p>Il est certes fort int\u00e9ressant de constater que les anciens avaient une science tout comme nous autres, que cette science \u00e9tait enseign\u00e9e sous le sceau du secret et apr\u00e8s de s\u00e9rieuses \u00e9preuves physiques et morales aux futurs membres des \u00ab classes dirigeantes \u00bb.<br \/>\nMais ce sont l\u00e0 en somme des recherches dont l&#8217;utilit\u00e9 ne semble pas imm\u00e9diate.<\/p>\n<p>Ce qui nous int\u00e9resse surtout au point de vue pratique, c&#8217;est cette m\u00e9thode de l&#8217;analogie qui, mani\u00e9e avec prudence; peut nous \u00eatre de la plus grande utilit\u00e9.<br \/>\nNous ne saurions trop insister sur ce point.<\/p>\n<p>La Science occulte vient offrir a ses disciples une m\u00e9thode nouvelle, c&#8217;est-\u00e0-dire un merveilleux outil de travail.<br \/>\nOn comprend de suite que si cet outil est mani\u00e9 par des ouvriers inhabiles, il ne pourra, malgr\u00e9 sa pr\u00e9cision, que donner de tr\u00e8s faibles r\u00e9sultats.<br \/>\nSi, au contraire, celui qui tient en main cet instrument d&#8217;investigation sait l&#8217;employer avec intelligence, le r\u00e9sultat sera surprenant.<\/p>\n<p>Papus (dans son introduction)<\/p>\n","protected":false},"featured_media":3743,"comment_status":"open","ping_status":"closed","template":"","meta":[],"product_brand":[],"product_cat":[15],"product_tag":[],"class_list":{"0":"post-3741","1":"product","2":"type-product","3":"status-publish","4":"has-post-thumbnail","6":"product_cat-livre-magie","8":"first","9":"instock","10":"downloadable","11":"virtual","12":"taxable","13":"purchasable","14":"product-type-simple"},"_links":{"self":[{"href":"https:\/\/magieorientale.com\/index.php\/wp-json\/wp\/v2\/product\/3741"}],"collection":[{"href":"https:\/\/magieorientale.com\/index.php\/wp-json\/wp\/v2\/product"}],"about":[{"href":"https:\/\/magieorientale.com\/index.php\/wp-json\/wp\/v2\/types\/product"}],"replies":[{"embeddable":true,"href":"https:\/\/magieorientale.com\/index.php\/wp-json\/wp\/v2\/comments?post=3741"}],"wp:featuredmedia":[{"embeddable":true,"href":"https:\/\/magieorientale.com\/index.php\/wp-json\/wp\/v2\/media\/3743"}],"wp:attachment":[{"href":"https:\/\/magieorientale.com\/index.php\/wp-json\/wp\/v2\/media?parent=3741"}],"wp:term":[{"taxonomy":"product_brand","embeddable":true,"href":"https:\/\/magieorientale.com\/index.php\/wp-json\/wp\/v2\/product_brand?post=3741"},{"taxonomy":"product_cat","embeddable":true,"href":"https:\/\/magieorientale.com\/index.php\/wp-json\/wp\/v2\/product_cat?post=3741"},{"taxonomy":"product_tag","embeddable":true,"href":"https:\/\/magieorientale.com\/index.php\/wp-json\/wp\/v2\/product_tag?post=3741"}],"curies":[{"name":"wp","href":"https:\/\/api.w.org\/{rel}","templated":true}]}}