{"id":3738,"date":"2023-03-24T13:17:55","date_gmt":"2023-03-24T12:17:55","guid":{"rendered":"https:\/\/magieorientale.com\/?post_type=product&#038;p=3738"},"modified":"2023-10-20T17:57:12","modified_gmt":"2023-10-20T15:57:12","slug":"astrologie-populaire","status":"publish","type":"product","link":"https:\/\/magieorientale.com\/index.php\/produit\/astrologie-populaire\/","title":{"rendered":"Astrologie populaire"},"content":{"rendered":"<p id=\"title\" class=\"a-spacing-none a-text-normal\"><span id=\"productTitle\" class=\"a-size-extra-large\">P. Saintyves. L&#8217;Astrologie populaire \u00e9tudi\u00e9e sp\u00e9cialement dans les doctrines et les traditions relatives \u00e0 l&#8217;influence de la lune. Essai sur la m\u00e9thode dans l&#8217;\u00e9tude du folklore, des opinions et des croyances<\/span><\/p>\n","protected":false},"excerpt":{"rendered":"<p id=\"title\" class=\"a-spacing-none a-text-normal\"><span id=\"productTitle\" class=\"a-size-extra-large\">P. Saintyves. L&#8217;Astrologie populaire \u00e9tudi\u00e9e sp\u00e9cialement dans les doctrines et les traditions relatives \u00e0 l&#8217;influence de la lune. Essai sur la m\u00e9thode dans l&#8217;\u00e9tude du folklore, des opinions et des croyances<\/span><\/p>\n","protected":false},"featured_media":3739,"comment_status":"open","ping_status":"closed","template":"","meta":[],"product_brand":[],"product_cat":[15],"product_tag":[],"class_list":{"0":"post-3738","1":"product","2":"type-product","3":"status-publish","4":"has-post-thumbnail","6":"product_cat-livre-magie","8":"first","9":"instock","10":"downloadable","11":"virtual","12":"taxable","13":"purchasable","14":"product-type-simple"},"_links":{"self":[{"href":"https:\/\/magieorientale.com\/index.php\/wp-json\/wp\/v2\/product\/3738"}],"collection":[{"href":"https:\/\/magieorientale.com\/index.php\/wp-json\/wp\/v2\/product"}],"about":[{"href":"https:\/\/magieorientale.com\/index.php\/wp-json\/wp\/v2\/types\/product"}],"replies":[{"embeddable":true,"href":"https:\/\/magieorientale.com\/index.php\/wp-json\/wp\/v2\/comments?post=3738"}],"wp:featuredmedia":[{"embeddable":true,"href":"https:\/\/magieorientale.com\/index.php\/wp-json\/wp\/v2\/media\/3739"}],"wp:attachment":[{"href":"https:\/\/magieorientale.com\/index.php\/wp-json\/wp\/v2\/media?parent=3738"}],"wp:term":[{"taxonomy":"product_brand","embeddable":true,"href":"https:\/\/magieorientale.com\/index.php\/wp-json\/wp\/v2\/product_brand?post=3738"},{"taxonomy":"product_cat","embeddable":true,"href":"https:\/\/magieorientale.com\/index.php\/wp-json\/wp\/v2\/product_cat?post=3738"},{"taxonomy":"product_tag","embeddable":true,"href":"https:\/\/magieorientale.com\/index.php\/wp-json\/wp\/v2\/product_tag?post=3738"}],"curies":[{"name":"wp","href":"https:\/\/api.w.org\/{rel}","templated":true}]}}