{"id":3684,"date":"2022-12-25T16:50:35","date_gmt":"2022-12-25T15:50:35","guid":{"rendered":"https:\/\/magieorientale.com\/?post_type=product&#038;p=3684"},"modified":"2023-09-17T15:42:02","modified_gmt":"2023-09-17T13:42:02","slug":"sel-de-purification-consacre","status":"publish","type":"product","link":"https:\/\/magieorientale.com\/index.php\/produit\/sel-de-purification-consacre\/","title":{"rendered":"Sel de purification consacr\u00e9"},"content":{"rendered":"<p>Pour enlever les mauvaises ondes. \u00e0 mettre dans la baignoire ou \u00e0 faire fondre dans un r\u00e9cipient d\u2019eau ti\u00e8de pour se laver sous la douche. A r\u00e9aliser chaque fois que vous vous sentez mal ou suite \u00e0 un conflit. Envoy\u00e9 avec la recette.<\/p>\n<p>Lib\u00e8re le corps de tout le n\u00e9gatif cumul\u00e9 par les regards, les mauvaises intentions, la haine, la jalousie des gens que vous cotoyez au travail, en famille, et entre amis<\/p>\n","protected":false},"excerpt":{"rendered":"<p>Pour enlever les mauvaises ondes. \u00e0 mettre dans la baignoire ou \u00e0 faire fondre dans un r\u00e9cipient d\u2019eau ti\u00e8de pour se laver sous la douche. Une fois au minimum par semaine. Envoy\u00e9 avec la recette.<\/p>\n<p>Lib\u00e8re le corps de tout le n\u00e9gatif cumul\u00e9 par les regards, les mauvaises intentions, la haine, la jalousie des gens que vous cotoyez au travail, en famille, et entre amis<\/p>\n","protected":false},"featured_media":4017,"comment_status":"open","ping_status":"closed","template":"","meta":[],"product_brand":[],"product_cat":[44],"product_tag":[],"class_list":{"0":"post-3684","1":"product","2":"type-product","3":"status-publish","4":"has-post-thumbnail","6":"product_cat-desenvoutement","8":"first","9":"instock","10":"taxable","11":"shipping-taxable","12":"purchasable","13":"product-type-simple"},"_links":{"self":[{"href":"https:\/\/magieorientale.com\/index.php\/wp-json\/wp\/v2\/product\/3684"}],"collection":[{"href":"https:\/\/magieorientale.com\/index.php\/wp-json\/wp\/v2\/product"}],"about":[{"href":"https:\/\/magieorientale.com\/index.php\/wp-json\/wp\/v2\/types\/product"}],"replies":[{"embeddable":true,"href":"https:\/\/magieorientale.com\/index.php\/wp-json\/wp\/v2\/comments?post=3684"}],"wp:featuredmedia":[{"embeddable":true,"href":"https:\/\/magieorientale.com\/index.php\/wp-json\/wp\/v2\/media\/4017"}],"wp:attachment":[{"href":"https:\/\/magieorientale.com\/index.php\/wp-json\/wp\/v2\/media?parent=3684"}],"wp:term":[{"taxonomy":"product_brand","embeddable":true,"href":"https:\/\/magieorientale.com\/index.php\/wp-json\/wp\/v2\/product_brand?post=3684"},{"taxonomy":"product_cat","embeddable":true,"href":"https:\/\/magieorientale.com\/index.php\/wp-json\/wp\/v2\/product_cat?post=3684"},{"taxonomy":"product_tag","embeddable":true,"href":"https:\/\/magieorientale.com\/index.php\/wp-json\/wp\/v2\/product_tag?post=3684"}],"curies":[{"name":"wp","href":"https:\/\/api.w.org\/{rel}","templated":true}]}}