{"id":3660,"date":"2022-09-25T14:25:05","date_gmt":"2022-09-25T12:25:05","guid":{"rendered":"https:\/\/magieorientale.com\/?post_type=product&#038;p=3660"},"modified":"2025-01-17T19:18:50","modified_gmt":"2025-01-17T18:18:50","slug":"introduction-a-la-magie-blanche-debutants","status":"publish","type":"product","link":"https:\/\/magieorientale.com\/index.php\/produit\/introduction-a-la-magie-blanche-debutants\/","title":{"rendered":"Introduction \u00e0 la magie blanche (d\u00e9butants)"},"content":{"rendered":"<p>Introduction \u00e0 la magie blanche est un livre qui va vous initier \u00e0 la magie blanche, pour tout ceux qui sont int\u00e9ress\u00e9 par les secrets de la magie, et qui veulent agir positivement sur leur vie et celle de vos proches.<\/p>\n<ul>\n<li>30 plantes et leurs correspondance magiques en fonction de votre souhait<\/li>\n<li>3 point essentiels pour r\u00e9ussir vos recettes de magie<\/li>\n<li>les encens, les bougies, les bains (comment mettre en pratique)<\/li>\n<li>16 recettes dans tout domaines (amour, chance, d\u00e9senvo\u00fbtement)<\/li>\n<\/ul>\n<p>Chance, d\u00e9senvoutement, amour, amiti\u00e9, prosp\u00e9rit\u00e9, pourquoi certaine personnes ont de la chance et d&#8217;autre se retrouve syst\u00e9matiquement bloqu\u00e9s dans tous les projets ?<\/p>\n<p style=\"text-align: center;\"><strong>Vous pouvez agir sur votre chance, votre vie, vos amours,\u00a0<\/strong><\/p>\n<p>Lorsque vous vous sentirez pr\u00eat il ne tient qu&#8217;a vous de d\u00e9cider de prendre votre vie en main et de la diriger tout ce qu&#8217;il y a de plus positif en ce monde, il n&#8217;est jamais trop tard pour faire le bien, commencez par vous m\u00eame et la magie vous guidera vers votre chance, votre chemin que vous n&#8217;auriez pas p\u00fb imaginer un seul instant ! Je vous souhaite une belle exp\u00e9rience magique!<\/p>\n<p>&nbsp;<\/p>\n","protected":false},"excerpt":{"rendered":"<p>Introduction \u00e0 la magie blanche est un livre qui va vous initier \u00e0 la magie blanche, pour tout ceux qui sont int\u00e9ress\u00e9 par les secrets de la magie, et qui veulent agir positivement sur leur vie et celle de vos proches.<\/p>\n<ul>\n<li>30 plantes et leurs correspondance magiques en fonction de votre souhait<\/li>\n<li>3 point essentiels pour r\u00e9ussir vos recettes de magie<\/li>\n<li>les encens, les bougies, les bains (comment mettre en pratique)<\/li>\n<li>16 recettes dans tout domaines (amour, chance, d\u00e9senvo\u00fbtement)<\/li>\n<\/ul>\n<p>Chance, d\u00e9senvoutement, amour, amiti\u00e9, prosp\u00e9rit\u00e9, pourquoi certaine personnes ont de la chance et d&#8217;autre se retrouve syst\u00e9matiquement bloqu\u00e9s dans tous les projets ?<\/p>\n<p style=\"text-align: center;\"><strong>Vous pouvez agir sur votre chance, votre vie, vos amours,\u00a0<\/strong><\/p>\n<p>Lorsque vous vous sentirez pr\u00eat il ne tient qu&#8217;a vous de d\u00e9cider de prendre votre vie en main et de la diriger tout ce qu&#8217;il y a de plus positif en ce monde, il n&#8217;est jamais trop tard pour faire le bien, commencez par vous m\u00eame et la magie vous guidera vers votre chance, votre chemin que vous n&#8217;auriez pas p\u00fb imaginer un seul instant ! Je vous souhaite une belle exp\u00e9rience magique!<\/p>\n","protected":false},"featured_media":3653,"comment_status":"open","ping_status":"closed","template":"","meta":[],"product_brand":[],"product_cat":[15],"product_tag":[],"class_list":{"0":"post-3660","1":"product","2":"type-product","3":"status-publish","4":"has-post-thumbnail","6":"product_cat-livre-magie","8":"first","9":"instock","10":"downloadable","11":"taxable","12":"shipping-taxable","13":"purchasable","14":"product-type-simple"},"_links":{"self":[{"href":"https:\/\/magieorientale.com\/index.php\/wp-json\/wp\/v2\/product\/3660"}],"collection":[{"href":"https:\/\/magieorientale.com\/index.php\/wp-json\/wp\/v2\/product"}],"about":[{"href":"https:\/\/magieorientale.com\/index.php\/wp-json\/wp\/v2\/types\/product"}],"replies":[{"embeddable":true,"href":"https:\/\/magieorientale.com\/index.php\/wp-json\/wp\/v2\/comments?post=3660"}],"wp:featuredmedia":[{"embeddable":true,"href":"https:\/\/magieorientale.com\/index.php\/wp-json\/wp\/v2\/media\/3653"}],"wp:attachment":[{"href":"https:\/\/magieorientale.com\/index.php\/wp-json\/wp\/v2\/media?parent=3660"}],"wp:term":[{"taxonomy":"product_brand","embeddable":true,"href":"https:\/\/magieorientale.com\/index.php\/wp-json\/wp\/v2\/product_brand?post=3660"},{"taxonomy":"product_cat","embeddable":true,"href":"https:\/\/magieorientale.com\/index.php\/wp-json\/wp\/v2\/product_cat?post=3660"},{"taxonomy":"product_tag","embeddable":true,"href":"https:\/\/magieorientale.com\/index.php\/wp-json\/wp\/v2\/product_tag?post=3660"}],"curies":[{"name":"wp","href":"https:\/\/api.w.org\/{rel}","templated":true}]}}