{"id":3431,"date":"2020-11-11T13:50:48","date_gmt":"2020-11-11T12:50:48","guid":{"rendered":"https:\/\/magieorientale.com\/?post_type=product&#038;p=3431"},"modified":"2024-03-27T03:35:46","modified_gmt":"2024-03-27T02:35:46","slug":"voeux-sacre","status":"publish","type":"product","link":"https:\/\/magieorientale.com\/index.php\/produit\/voeux-sacre\/","title":{"rendered":"Voeux sacr\u00e9"},"content":{"rendered":"<p>M\u00e9lange de plusieurs encens et autres produits pour en renforcer l&#8217;action. A br\u00fbler sur un charbon ardent.<\/p>\n<p>+ RECETTE<\/p>\n","protected":false},"excerpt":{"rendered":"<p>Cette poudre permet de voir un voeux se r\u00e9aliser dans n&#8217;importe quelle domaine, de plus il d\u00e9gage les lieux de tout ce qui est n\u00e9gative<\/p>\n","protected":false},"featured_media":4054,"comment_status":"open","ping_status":"closed","template":"","meta":[],"product_brand":[],"product_cat":[31],"product_tag":[],"class_list":{"0":"post-3431","1":"product","2":"type-product","3":"status-publish","4":"has-post-thumbnail","6":"product_cat-nos-poudres-magiques","8":"first","9":"instock","10":"taxable","11":"shipping-taxable","12":"purchasable","13":"product-type-simple"},"_links":{"self":[{"href":"https:\/\/magieorientale.com\/index.php\/wp-json\/wp\/v2\/product\/3431"}],"collection":[{"href":"https:\/\/magieorientale.com\/index.php\/wp-json\/wp\/v2\/product"}],"about":[{"href":"https:\/\/magieorientale.com\/index.php\/wp-json\/wp\/v2\/types\/product"}],"replies":[{"embeddable":true,"href":"https:\/\/magieorientale.com\/index.php\/wp-json\/wp\/v2\/comments?post=3431"}],"wp:featuredmedia":[{"embeddable":true,"href":"https:\/\/magieorientale.com\/index.php\/wp-json\/wp\/v2\/media\/4054"}],"wp:attachment":[{"href":"https:\/\/magieorientale.com\/index.php\/wp-json\/wp\/v2\/media?parent=3431"}],"wp:term":[{"taxonomy":"product_brand","embeddable":true,"href":"https:\/\/magieorientale.com\/index.php\/wp-json\/wp\/v2\/product_brand?post=3431"},{"taxonomy":"product_cat","embeddable":true,"href":"https:\/\/magieorientale.com\/index.php\/wp-json\/wp\/v2\/product_cat?post=3431"},{"taxonomy":"product_tag","embeddable":true,"href":"https:\/\/magieorientale.com\/index.php\/wp-json\/wp\/v2\/product_tag?post=3431"}],"curies":[{"name":"wp","href":"https:\/\/api.w.org\/{rel}","templated":true}]}}