{"id":3218,"date":"2019-01-27T18:52:54","date_gmt":"2019-01-27T17:52:54","guid":{"rendered":"https:\/\/magieorientale.com\/?post_type=product&#038;p=3218"},"modified":"2025-07-29T12:53:51","modified_gmt":"2025-07-29T10:53:51","slug":"talisman-de-chance-tous-domaines","status":"publish","type":"product","link":"https:\/\/magieorientale.com\/index.php\/produit\/talisman-de-chance-tous-domaines\/","title":{"rendered":"Talisman de chance (+protection)"},"content":{"rendered":"<p>Chance ET protection<\/p>\n<p>Nous vous proposons un talisman de chance d&#8217;une grande puissance. Pr\u00e9par\u00e9 \u00e0 base d&#8217;un m\u00e9lange d&#8217; encens secret tr\u00e8s rare que vous avons trouv\u00e9 au fil de nos voyages&#8230; Nous le proposons \u00e0 un prix abordable , si vous manquez de chance avec les gens, ou voulez trouver un travail, un conjoint(e), demandez ce travail il est propos\u00e9 au prix de 210e\u00a0 \u00a0profitez en !<\/p>\n<p>Il a \u00e9galement un grand pouvoir protecteur, il contre la magie noire, le vaudou, le mauvais oeil, la m\u00e9disance&#8230;<\/p>\n","protected":false},"excerpt":{"rendered":"<p>Chancet ET protection,\u00a0 nous pr\u00e9parons nous m\u00eame ce travail selon les rites de la magie blanche arabe, il vous suffit de le porter !<\/p>\n","protected":false},"featured_media":4058,"comment_status":"open","ping_status":"closed","template":"","meta":[],"product_brand":[],"product_cat":[17],"product_tag":[],"class_list":{"0":"post-3218","1":"product","2":"type-product","3":"status-publish","4":"has-post-thumbnail","6":"product_cat-travaux-de-magie-blanche-pour-la-chance-et-le-commerce","8":"first","9":"instock","10":"taxable","11":"shipping-taxable","12":"purchasable","13":"product-type-simple"},"_links":{"self":[{"href":"https:\/\/magieorientale.com\/index.php\/wp-json\/wp\/v2\/product\/3218"}],"collection":[{"href":"https:\/\/magieorientale.com\/index.php\/wp-json\/wp\/v2\/product"}],"about":[{"href":"https:\/\/magieorientale.com\/index.php\/wp-json\/wp\/v2\/types\/product"}],"replies":[{"embeddable":true,"href":"https:\/\/magieorientale.com\/index.php\/wp-json\/wp\/v2\/comments?post=3218"}],"wp:featuredmedia":[{"embeddable":true,"href":"https:\/\/magieorientale.com\/index.php\/wp-json\/wp\/v2\/media\/4058"}],"wp:attachment":[{"href":"https:\/\/magieorientale.com\/index.php\/wp-json\/wp\/v2\/media?parent=3218"}],"wp:term":[{"taxonomy":"product_brand","embeddable":true,"href":"https:\/\/magieorientale.com\/index.php\/wp-json\/wp\/v2\/product_brand?post=3218"},{"taxonomy":"product_cat","embeddable":true,"href":"https:\/\/magieorientale.com\/index.php\/wp-json\/wp\/v2\/product_cat?post=3218"},{"taxonomy":"product_tag","embeddable":true,"href":"https:\/\/magieorientale.com\/index.php\/wp-json\/wp\/v2\/product_tag?post=3218"}],"curies":[{"name":"wp","href":"https:\/\/api.w.org\/{rel}","templated":true}]}}