{"id":3179,"date":"2018-12-01T14:59:28","date_gmt":"2018-12-01T13:59:28","guid":{"rendered":"https:\/\/magieorientale.com\/?post_type=product&#038;p=3179"},"modified":"2019-01-13T18:54:10","modified_gmt":"2019-01-13T17:54:10","slug":"traite-sur-la-magie-blanche","status":"publish","type":"product","link":"https:\/\/magieorientale.com\/index.php\/produit\/traite-sur-la-magie-blanche\/","title":{"rendered":"Trait\u00e9 sur la magie blanche"},"content":{"rendered":"<p>Notre sujet sera la Magie de l\u2019 \u00e2me et la pens\u00e9e-cl\u00e9, base de tout le contenu de ce livre, pour comprendre la magie blanche ce livre est pour toutes personnes qui recherche la voie de la magie !<\/p>\n","protected":false},"excerpt":{"rendered":"<p><strong>LIVRE EN TELECHARGEMENT<\/strong><\/p>\n","protected":false},"featured_media":3181,"comment_status":"open","ping_status":"closed","template":"","meta":[],"product_brand":[],"product_cat":[15],"product_tag":[],"class_list":{"0":"post-3179","1":"product","2":"type-product","3":"status-publish","4":"has-post-thumbnail","6":"product_cat-livre-magie","8":"first","9":"instock","10":"downloadable","11":"virtual","12":"taxable","13":"purchasable","14":"product-type-simple"},"_links":{"self":[{"href":"https:\/\/magieorientale.com\/index.php\/wp-json\/wp\/v2\/product\/3179"}],"collection":[{"href":"https:\/\/magieorientale.com\/index.php\/wp-json\/wp\/v2\/product"}],"about":[{"href":"https:\/\/magieorientale.com\/index.php\/wp-json\/wp\/v2\/types\/product"}],"replies":[{"embeddable":true,"href":"https:\/\/magieorientale.com\/index.php\/wp-json\/wp\/v2\/comments?post=3179"}],"wp:featuredmedia":[{"embeddable":true,"href":"https:\/\/magieorientale.com\/index.php\/wp-json\/wp\/v2\/media\/3181"}],"wp:attachment":[{"href":"https:\/\/magieorientale.com\/index.php\/wp-json\/wp\/v2\/media?parent=3179"}],"wp:term":[{"taxonomy":"product_brand","embeddable":true,"href":"https:\/\/magieorientale.com\/index.php\/wp-json\/wp\/v2\/product_brand?post=3179"},{"taxonomy":"product_cat","embeddable":true,"href":"https:\/\/magieorientale.com\/index.php\/wp-json\/wp\/v2\/product_cat?post=3179"},{"taxonomy":"product_tag","embeddable":true,"href":"https:\/\/magieorientale.com\/index.php\/wp-json\/wp\/v2\/product_tag?post=3179"}],"curies":[{"name":"wp","href":"https:\/\/api.w.org\/{rel}","templated":true}]}}