{"id":3172,"date":"2018-12-01T14:08:47","date_gmt":"2018-12-01T13:08:47","guid":{"rendered":"https:\/\/magieorientale.com\/?post_type=product&#038;p=3172"},"modified":"2023-11-09T15:30:33","modified_gmt":"2023-11-09T14:30:33","slug":"130-astuces-magiques-a-effets-immediats","status":"publish","type":"product","link":"https:\/\/magieorientale.com\/index.php\/produit\/130-astuces-magiques-a-effets-immediats\/","title":{"rendered":"130 astuces magiques \u00e0 effets imm\u00e9diats"},"content":{"rendered":"<p>Livre de 16 pages qui contient 130 astuces magiques \u00e0 effets instantan\u00e9es qui concerne tous les domaines de la vie pour:<\/p>\n<ul>\n<li>Emp\u00eacher les gens de vous calomnier<\/li>\n<li>Mettre la justice de votre c\u00f4t\u00e9<\/li>\n<li>Augmenter vos dons de\u00a0 voyance<\/li>\n<li>Nettoyer un lieu de toutes sortes de n\u00e9gativit\u00e9<\/li>\n<li>D\u00e9couvrir des m\u00e9langes d&#8217;encens tr\u00e8s puissant pour l&#8217;amour et la chance<\/li>\n<li>S&#8217;assurer la fid\u00e9lit\u00e9 de son conjoint&#8230;<\/li>\n<\/ul>\n<p>Facile \u00e0 faire\u00a0 et de r\u00e9alisation rapide ces astuces sont tr\u00e8s utiles au quotidien et utilise uniquement des produits naturels plantes, encens ou racines.<\/p>\n","protected":false},"excerpt":{"rendered":"<p><b>\u00a0E BOOK\u00a0<\/b><\/p>\n","protected":false},"featured_media":3174,"comment_status":"open","ping_status":"closed","template":"","meta":[],"product_brand":[],"product_cat":[15],"product_tag":[],"class_list":{"0":"post-3172","1":"product","2":"type-product","3":"status-publish","4":"has-post-thumbnail","6":"product_cat-livre-magie","8":"first","9":"instock","10":"downloadable","11":"virtual","12":"taxable","13":"purchasable","14":"product-type-simple"},"_links":{"self":[{"href":"https:\/\/magieorientale.com\/index.php\/wp-json\/wp\/v2\/product\/3172"}],"collection":[{"href":"https:\/\/magieorientale.com\/index.php\/wp-json\/wp\/v2\/product"}],"about":[{"href":"https:\/\/magieorientale.com\/index.php\/wp-json\/wp\/v2\/types\/product"}],"replies":[{"embeddable":true,"href":"https:\/\/magieorientale.com\/index.php\/wp-json\/wp\/v2\/comments?post=3172"}],"wp:featuredmedia":[{"embeddable":true,"href":"https:\/\/magieorientale.com\/index.php\/wp-json\/wp\/v2\/media\/3174"}],"wp:attachment":[{"href":"https:\/\/magieorientale.com\/index.php\/wp-json\/wp\/v2\/media?parent=3172"}],"wp:term":[{"taxonomy":"product_brand","embeddable":true,"href":"https:\/\/magieorientale.com\/index.php\/wp-json\/wp\/v2\/product_brand?post=3172"},{"taxonomy":"product_cat","embeddable":true,"href":"https:\/\/magieorientale.com\/index.php\/wp-json\/wp\/v2\/product_cat?post=3172"},{"taxonomy":"product_tag","embeddable":true,"href":"https:\/\/magieorientale.com\/index.php\/wp-json\/wp\/v2\/product_tag?post=3172"}],"curies":[{"name":"wp","href":"https:\/\/api.w.org\/{rel}","templated":true}]}}