{"id":3136,"date":"2018-11-16T16:56:22","date_gmt":"2018-11-16T15:56:22","guid":{"rendered":"https:\/\/magieorientale.com\/?post_type=product&#038;p=3136"},"modified":"2024-10-10T18:14:17","modified_gmt":"2024-10-10T16:14:17","slug":"poudre-brise-mauvais-sort","status":"publish","type":"product","link":"https:\/\/magieorientale.com\/index.php\/produit\/poudre-brise-mauvais-sort\/","title":{"rendered":"Poudre de d\u00e9blocage (travail complet)"},"content":{"rendered":"<p>Ce nouveau m\u00e9lange s&#8217;utilise sur 7 jours, si vous sentez que vous \u00eates compl\u00e8tement bloqu\u00e9, les amis vous \u00e9vitent, vous n&#8217;\u00eates plus invit\u00e9 aux f\u00eates, vous \u00eates bloqu\u00e9 au travail, on ne veut pas vous donner de promotion, l&#8217;argent vous manque de plus en plus&#8230;Avant de vous retrouver compl\u00e8tement isol\u00e9, croulant sous les dettes, ou de tomber physiquement malade brisez cette malchance gr\u00e2ce \u00e0 ce travail de magie blanche arabe. Nous le pr\u00e9parons, le consacrons (roqia) pour vous.<\/p>\n<p>Ce travail \u00e0 le pouvoir de briser la malchance persistante mais en plus nous y avons ajouter un secret pour attirer la chance dans tous les domaines, il attire les gens vers vous de fa\u00e7on naturelle, on vous remarquera, vous passerez en premier partout ou vous irez, ce travail peut \u00eatre utile pour trouver du travail, trouver l&#8217;amour, l&#8217;amiti\u00e9, permet de &#8220;briller&#8221; en soci\u00e9t\u00e9!\u00a0 \u00a0il vous suffira d&#8217;en suivre la notice.<\/p>\n<p>Nous pr\u00e9parons enti\u00e8rement ce travail.<\/p>\n<p>&nbsp;<\/p>\n","protected":false},"excerpt":{"rendered":"<p>Poudre brise mauvais sort, pr\u00e9par\u00e9e \u00e0 base de produit naturels et pures, consacr\u00e9es avec la roqia.\u00a0<strong>Ce travail existe aussi sous forme de recette \u00e0 faire vous m\u00eame.<\/strong><\/p>\n<p><strong><a href=\"https:\/\/magiearabedekader.com\/recettes-pour-le-desenvoutement\">Clickez ! Pour voir uniquement la recette\u00a0<\/a><\/strong><\/p>\n","protected":false},"featured_media":4015,"comment_status":"open","ping_status":"closed","template":"","meta":[],"product_brand":[],"product_cat":[44],"product_tag":[],"class_list":{"0":"post-3136","1":"product","2":"type-product","3":"status-publish","4":"has-post-thumbnail","6":"product_cat-desenvoutement","8":"first","9":"instock","10":"taxable","11":"shipping-taxable","12":"purchasable","13":"product-type-simple"},"_links":{"self":[{"href":"https:\/\/magieorientale.com\/index.php\/wp-json\/wp\/v2\/product\/3136"}],"collection":[{"href":"https:\/\/magieorientale.com\/index.php\/wp-json\/wp\/v2\/product"}],"about":[{"href":"https:\/\/magieorientale.com\/index.php\/wp-json\/wp\/v2\/types\/product"}],"replies":[{"embeddable":true,"href":"https:\/\/magieorientale.com\/index.php\/wp-json\/wp\/v2\/comments?post=3136"}],"wp:featuredmedia":[{"embeddable":true,"href":"https:\/\/magieorientale.com\/index.php\/wp-json\/wp\/v2\/media\/4015"}],"wp:attachment":[{"href":"https:\/\/magieorientale.com\/index.php\/wp-json\/wp\/v2\/media?parent=3136"}],"wp:term":[{"taxonomy":"product_brand","embeddable":true,"href":"https:\/\/magieorientale.com\/index.php\/wp-json\/wp\/v2\/product_brand?post=3136"},{"taxonomy":"product_cat","embeddable":true,"href":"https:\/\/magieorientale.com\/index.php\/wp-json\/wp\/v2\/product_cat?post=3136"},{"taxonomy":"product_tag","embeddable":true,"href":"https:\/\/magieorientale.com\/index.php\/wp-json\/wp\/v2\/product_tag?post=3136"}],"curies":[{"name":"wp","href":"https:\/\/api.w.org\/{rel}","templated":true}]}}