{"id":1635,"date":"2017-06-16T15:24:58","date_gmt":"2017-06-16T15:24:58","guid":{"rendered":"http:\/\/magiearabedekader.esy.es\/?post_type=product&#038;p=1635"},"modified":"2023-09-07T18:31:59","modified_gmt":"2023-09-07T16:31:59","slug":"benjoin-ou-djaoui-blanc","status":"publish","type":"product","link":"https:\/\/magieorientale.com\/index.php\/produit\/benjoin-ou-djaoui-blanc\/","title":{"rendered":"Benjoin ou djaoui blanc"},"content":{"rendered":"<p>Le Benjoin calme le mental et favorise la contemplation. Il est consid\u00e9r\u00e9 comme un encens qui aide \u00e0 combattre les exc\u00e8s de tous genres. Il chasses les tendances d\u00e9pressives et les id\u00e9es noires, il aide \u00e0 l\u2019\u00e9volution personnelle et au d\u00e9veloppement spirituel.<\/p>\n<p>l\u2019encens benjoin est un important protecteur et purificateur de la maison. purifiant et antiseptique. le benjoin calme le mental il est consid\u00e9r\u00e9 comme un encens qui aide \u00e0 combattre les exc\u00e8s de tous genres. il chasse les tendances d\u00e9pressives et les id\u00e9es noires. il r\u00e9veille l\u2019enthousiasme.\u00a0le benjoin est le symbole par excellence de la prosp\u00e9rit\u00e9 et de la purification.<\/p>\n","protected":false},"excerpt":{"rendered":"<p>Encens benjoin BIO de premi\u00e8re qualit\u00e9<\/p>\n","protected":false},"featured_media":4048,"comment_status":"open","ping_status":"closed","template":"","meta":[],"product_brand":[],"product_cat":[21],"product_tag":[27,28,19],"class_list":{"0":"post-1635","1":"product","2":"type-product","3":"status-publish","4":"has-post-thumbnail","6":"product_cat-encens-en-grains","7":"product_tag-benjoin","8":"product_tag-djaoui-blanc","9":"product_tag-encens","11":"first","12":"instock","13":"taxable","14":"shipping-taxable","15":"purchasable","16":"product-type-simple"},"_links":{"self":[{"href":"https:\/\/magieorientale.com\/index.php\/wp-json\/wp\/v2\/product\/1635"}],"collection":[{"href":"https:\/\/magieorientale.com\/index.php\/wp-json\/wp\/v2\/product"}],"about":[{"href":"https:\/\/magieorientale.com\/index.php\/wp-json\/wp\/v2\/types\/product"}],"replies":[{"embeddable":true,"href":"https:\/\/magieorientale.com\/index.php\/wp-json\/wp\/v2\/comments?post=1635"}],"wp:featuredmedia":[{"embeddable":true,"href":"https:\/\/magieorientale.com\/index.php\/wp-json\/wp\/v2\/media\/4048"}],"wp:attachment":[{"href":"https:\/\/magieorientale.com\/index.php\/wp-json\/wp\/v2\/media?parent=1635"}],"wp:term":[{"taxonomy":"product_brand","embeddable":true,"href":"https:\/\/magieorientale.com\/index.php\/wp-json\/wp\/v2\/product_brand?post=1635"},{"taxonomy":"product_cat","embeddable":true,"href":"https:\/\/magieorientale.com\/index.php\/wp-json\/wp\/v2\/product_cat?post=1635"},{"taxonomy":"product_tag","embeddable":true,"href":"https:\/\/magieorientale.com\/index.php\/wp-json\/wp\/v2\/product_tag?post=1635"}],"curies":[{"name":"wp","href":"https:\/\/api.w.org\/{rel}","templated":true}]}}